p.
2, 3, 179
Let v be (73/(-2))/((-1)/50*-5). Let i = 372 + v. What are the prime factors of i?
7
Let g(d) = -3*d**2 + 37*d - 12. Suppose -5*h + 2*p + 3*p + 50 = 0, 4*p = h - 4. Let y be g(h). Let b(l) = l**3 - l + 179. What are the prime factors of b(y)?
179
Let n(a) = a**3 - 4*a**2 + 239. Let k = 20 - 20. What are the prime factors of n(k)?
239
Let v = 138 - 667. Let n = -227 - v. List the prime factors of n.
2, 151
Let f = -52542 + 139490. What are the prime factors of f?
2, 21737
Let g(l) = l**3 + 30*l**2 + 148*l + 15. Let k = 745 + -762. What are the prime factors of g(k)?
2, 157
Suppose 3*d = 2*w + 9, 5*w = 2*w + 9. Suppose 0 = -d*c - 2115 + 6670. Suppose 937 = 11*f - c. List the prime factors of f.
2, 3, 7
Suppose -9*q + 522 = -1224. Suppose n + 970 = 5*a, -2*a + 194 = -4*n - q. What are the prime factors of a?
2, 97
Suppose -r - 2*j = -1885, 2*j + 13910 = 5*r + 4449. Suppose -9*o + r + 2150 = 0. What are the prime factors of o?
449
Let z = 81133 - 23259. List the prime factors of z.
2, 19, 1523
Let r(o) = 293*o**2 + 37*o + 106. What are the prime factors of r(-4)?
2, 23, 101
Let r = 40 - 149. Let g = 314 + r. What are the prime factors of g?
5, 41
Let c(v) = -v**2 + 86. Let b be c(-9). Suppose 0 = -5*l - 3*w + 1035, 0 = b*l - 15*w + 19*w - 1035. List the prime factors of l.
3, 23
Let z(a) = a**3 - 4*a**2 + 2*a. Let i be z(3). Let b be 4*1/i*(-9)/6. Suppose -2*s + 8 = 0, -b*w + 107 + 91 = s. List the prime factors of w.
97
What are the prime factors of 2/12 - (-6188437)/534?
3, 3863
Let p(k) = -7*k**3 + 2*k**2 - 5*k + 4. Let w be p(-3). Let l = 82 - w. List the prime factors of l/60*(-100)/6.
2, 5
Let s(j) = 3*j - 1. Let m(t) = -4*t - 12. Let n(y) = -m(y) - 12*s(y). List the prime factors of n(-26).
2, 107
Let s(y) = -16*y + 14. Let h be s(0). Let l = -62 - -66. Suppose 2*v + h = l*v. What are the prime factors of v?
7
Suppose -25 = 4*x - 3*a, -x + a + 4*a = 19. Let u be (-3)/15 + x/(-20). List the prime factors of u - 3 - (-64 + 3).
2, 29
Let p be (-182)/(-49) + 6/21. Suppose 2*o = -0*o + p. Suppose -o*w + 57 + 113 = 0. What are the prime factors of w?
5, 17
Suppose 2 = -z + 4*o, z - 7*o = -4*o - 2. Let c be (-3)/((1/z)/(3/6)). Suppose 4*d = 3*w - 210, 2*w + 3*w - 379 = -c*d. What are the prime factors of w?
2, 37
Let h(l) = 99*l**2 + 18*l + 24. Let k(s) = 33*s**2 + 6*s + 8. Let o(a) = 6*h(a) - 17*k(a). Let f be o(-2). Let c = f + -1. List the prime factors of c.
127
Let u = -149 + -135. Let t = u - -631. List the prime factors of t.
347
What are the prime factors of (-3)/2*(3394/(-30) - 128/640)?
2, 5, 17
Let w(u) = 194*u + 4338. List the prime factors of w(50).
2, 7019
Suppose -3*a = j + 2*j + 3, 8 = -2*a. Suppose 0 = -4*y - 4, j*f - 5*y = 331 + 748. Suppose -4*k = -3*d - 479, k - d - f = -2*k. What are the prime factors of k?
7, 17
Suppose -2*m + 16 = 2*f, -2*f = -0*f. Suppose m*i = i + 1666. Suppose i = 8*s - 914. What are the prime factors of s?
2, 3
Suppose -4*c + 10623 + 16611 = 3*q, -4*c = 5*q - 45390. What are the prime factors of q?
2, 3, 17, 89
Let a(z) = -z**2 - 7*z - 1. Let l be a(-6). Suppose -r + 124 = -2*o, l*o - 2*r = 3*r - 305. What are the prime factors of -2*106/(-18) + (-14)/o?
2, 3
Suppose -4*i = -r + 11, -1 = -3*r + 2*i + 2. Let z be ((-4)/4)/(r - 2/(-4)). Suppose 2*t - 4*m = 120, z*m = 3*t + 5*m - 225. What are the prime factors of t?
2, 5, 7
Suppose 4*g = 2*c + 58, 48*c - 50*c - 37 = 3*g. List the prime factors of 17589/24 - c/184.
733
Let d = -735 - -662. Let z = d + 400. What are the prime factors of z?
3, 109
Suppose 87911 = -15*l + 279484 + 113932. List the prime factors of l.
3, 31, 73
Suppose 2*f = -5*d + 4015, -6*f - d = -4*f - 4003. Suppose -f = -7*j + 3488. What are the prime factors of j?
2, 7
Let g(d) = 5*d**3 - 10*d**2 + 9*d - 11. What are the prime factors of g(6)?
7, 109
Suppose 4*m = -4*f + 9658 + 1006, m + 3*f = 2654. List the prime factors of m.
2, 167
Suppose -8*o + 13*o + 66601 = 2*r, -133169 = -4*r - o. List the prime factors of r.
13, 197
Suppose -2*o = -2*i - 0*o - 42, 5*o - 29 = i. Let n = -13 - i. Suppose n*c - 38 = 4*c. List the prime factors of c.
19
Suppose 2509 = c + 2*q, 5*c - 3*q - 628 - 11930 = 0. What are the prime factors of c?
3, 31
Suppose -4878 = -4*m - 2*m. Let b be m*(0 + 1/3). Let h = b - 103. What are the prime factors of h?
2, 3, 7
Let p = -15362 + 47430. What are the prime factors of p?
2, 8017
Let k(q) = 7381*q**3 + 2*q**2 - 16*q + 16. List the prime factors of k(1).
3, 23, 107
Let n = -95 - -15. Let l = 41 + n. Let c = l - -89. List the prime factors of c.
2, 5
Suppose -46133 = -5*d + v, 17*v - 13*v = 8. List the prime factors of d.
9227
Suppose 937 = -2*z - l, 0 = -5*z + 5*l - 176 - 2129. Let x = 915 + z. What are the prime factors of x?
449
Let y(v) = -v**2 + 6*v + 8. Let s be y(8). Let d be 6 + 0 + s + 10. Suppose 0 = -4*p + 8*p - d. List the prime factors of p.
2
Let n = -19848 + 37939. What are the prime factors of n?
79, 229
Suppose -2*m - 73 + 5 = 0. Let o = m - -138. List the prime factors of o.
2, 13
Suppose -12*y + 8*y - 2*j = -7640, 0 = -5*y - 5*j + 9550. Let v = y + -386. List the prime factors of v.
2, 3, 127
Let d be (-4)/(-22) - 64/(-11). Let v = d + -1. Suppose v*x - 620 = -b - 114, -3*x + 302 = b. List the prime factors of x.
2, 3, 17
Suppose -81 = 2*v - 557. Let f(r) = 8*r - 64. Let h be f(-13). Let p = h + v. List the prime factors of p.
2, 5, 7
Suppose -3*o + 2014 = 4*l, -19*o - 2*l - 2722 = -23*o. What are the prime factors of o?
2, 3, 113
Let l(n) = n**3 + 11*n**2 - 15*n - 9. Let u be l(-11). Suppose 979 = 3*r + 5*a, 0 = r + 3*a + u - 489. List the prime factors of r.
2, 3, 53
Let q(j) = 106*j**2 + 299*j + 5407. List the prime factors of q(-18).
34369
Suppose -4211*n + 4217*n = 58884. What are the prime factors of n?
2, 7, 701
Let d(y) = -2*y**2 + 6*y. Let z be d(5). Let k be (-30)/28*z/25*21. Suppose k*t = 17*t + 116. List the prime factors of t.
2, 29
Let b be 2/3 - (-217)/21. Suppose -b = -11*w - 0. List the prime factors of (-18 + -2)/(2/(-12))*w.
2, 3, 5
Let t = -9103 + 21743. What are the prime factors of t?
2, 5, 79
Let a = 63 - 59. Suppose j + z - 22 = 0, -a*j = -2*z + 21 - 103. List the prime factors of (-14)/(-49) - 57/j*-8.
2, 11
Suppose 153720 = -77*f + 658917. What are the prime factors of f?
3
Suppose 0 = -c - 666 + 1696. Let f = -735 + c. Suppose 6*v - f = v. What are the prime factors of v?
59
Suppose 4*o + 281 = 5*k, 0 = -3*o + 2*o + 3*k - 72. Let s = o + 527. What are the prime factors of s?
2, 229
Suppose n - 5*m = 10 - 1, 5*m + 5 = 0. Suppose -n*h + 3*h - 2*r = -8, -r - 14 = -h. What are the prime factors of h?
2, 3
Let d = -5 + 26. Suppose -5*j = v - d, 5*v = 5*j + 2*v - 37. List the prime factors of 10*j + 18 + -15.
53
Suppose 5*p + 4*m - 35046 + 1261 = 0, 6786 = p - 5*m. What are the prime factors of p?
6761
Let u be 2/5 - (-1191)/(-15). Let j = 233 + u. What are the prime factors of j?
2, 7, 11
Suppose 39*w - 117471 = 29210 + 90790. What are the prime factors of w?
6089
Let i(k) be the first derivative of -7*k**4/24 - 2*k**3/3 - 7*k**2/2 - 2. Let s(x) be the second derivative of i(x). What are the prime factors of s(-11)?
73
Let r be ((-1)/4*0)/2. Suppose r*k - 182 = k. Let x = k - -311. What are the prime factors of x?
3, 43
Suppose -8*k + 19*k - 2013 = 0. Let m = k + 167. What are the prime factors of m?
2, 5, 7
List the prime factors of -6 + -11 + (-168390)/(-9).
3, 31, 67
Let h(o) = 312*o + 86. List the prime factors of h(3).
2, 7, 73
Let r(z) = 20*z - 1. Let a = -15 - -49. Suppose -4*c + 21 = 5*m, 5*c + 11 = -3*m + a. List the prime factors of r(c).
79
Let v be (-14)/(-14) + 1 + 458. Let r = v + -292. List the prime factors of r.
2, 3, 7
Let m(t) = -t**3 + 6*t**2 - t - 5. Let x be m(6). Let k(q) = 16 - q - 8*q - 70 - 2 + 24. List the prime factors of k(x).
67
Let h = 357 + -731. Let v = h + 1792. What are the prime factors of v?
2, 709
Let p(w) = -w**2 + 75*w - 64*w - 53 + 29*w. List the prime factors of p(19).
2, 173
Let x = 17122 + -1131. What are the prime factors of x?
15991
Suppose 2*p + 2*q + 6 = 0, -q + 24 = 4*p - 6*q. Let i be (p/(-1))/(4/(-12)). Suppose 4*c + 230 = i*d, -229 = -2*d - d + 5*c. What are the prime factors of d?
2, 3, 13
Suppose 15*t = 35 + 385. Let i(o) be the first derivative of o**4/4 - 2